-3. Suppose t = -s + 2 - 0. Does 2 divide s?
True
Let j(t) = -t**3 - 3*t**2 + 6*t - 7. Let h be j(-5). Let u(w) = 3*w - 7. Is u(h) a multiple of 8?
True
Suppose 0 = 5*l - 3*t - 75, 6*t - t - 97 = -4*l. Let o = -4 + l. Does 9 divide o?
False
Suppose 2*d = -6*d + 1080. Does 21 divide d?
False
Let h = -77 - -164. Is 29 a factor of h?
True
Suppose d - 132 = -5*d. Does 12 divide d?
False
Let q(f) = f**3 - 4*f**2 - 8*f + 6. Does 10 divide q(6)?
True
Suppose -18 = 4*w - 194. Does 11 divide w?
True
Suppose 14 = -2*r + 4*q, 1 + 8 = -5*r - 3*q. Let f = -3 - r. Let n = f + 6. Does 6 divide n?
True
Suppose -z = 2*t - 3*t + 9, -5*t + 39 = -3*z. Suppose -t = o - 3*o. Is 3 a factor of o?
True
Let d = 126 - 71. Let n(j) = j**2 + 11*j. Let b be n(-6). Let z = b + d. Does 9 divide z?
False
Let w(o) = -o + 15. Let j be w(10). Suppose 2*g + 7 = j*d, 5*d = -3*g + 35 - 8. Suppose 4*n = d*r + 72, 3*n - 21 = -2*r + 33. Is 16 a factor of n?
False
Suppose -46 = -0*p - p. Is p a multiple of 8?
False
Let b be ((-45)/(-6))/3*2. Is 22 a factor of (-39 - b)*3/(-2)?
True
Let u(d) = 4*d**2 - 6*d. Is u(-7) a multiple of 13?
False
Let n(m) = m**3 - 12*m**2 + 10*m - 8. Let r be n(6). Let o = -80 - r. Suppose 0 = -2*x - 2 + o. Is 15 a factor of x?
False
Let n(p) = p**2 + 6*p - 3. Let x be n(-7). Is 56 - (x + -3)/1 a multiple of 11?
True
Suppose 0 = 5*f - 3*l - 311, -2*l - 27 - 221 = -4*f. Does 39 divide f?
False
Suppose 0*f = f + 15. Let l(g) = -6*g - 19. Let k be l(-9). Let b = k + f. Is b a multiple of 7?
False
Suppose 4*h - 3 = 13. Suppose 68 = 5*b + h*u, 0*b - 2*b + u = -22. Is 12 a factor of b?
True
Suppose 8 + 4 = 3*b. Suppose 0*z = b*z - 168. Is z a multiple of 14?
True
Suppose 0 = -2*a - 5*p + 26, 4*a - a - 2*p - 58 = 0. Is a a multiple of 18?
True
Let k(m) = m**3 - 6*m**2 - 8*m + 10. Let d be k(7). Suppose -r = -d*w - 0*w - 4, 5*r - 4*w = 20. Does 3 divide r?
False
Suppose -7 + 397 = 5*v. Suppose 3*h = v + 162. Is 22 a factor of h?
False
Let b = 72 + -35. Let h(n) = -n**2 + 18*n - 2. Let s be h(19). Let x = s + b. Is 8 a factor of x?
True
Is -12*3*6/(-8) a multiple of 7?
False
Suppose 35 = -2*x + 111. Let k = x + 15. Is k a multiple of 9?
False
Let k = 4 - -8. Is k a multiple of 6?
True
Let a(c) = 2*c + 29. Is 2 a factor of a(-9)?
False
Let d(n) = 2*n - n**3 - 3*n + 4*n**3 - 7*n**2 - 6 - 4*n**3. Let j be d(-7). Is j - -14 - 30/(-10) a multiple of 9?
True
Is 20 a factor of ((-8)/2 + -1)*-16?
True
Suppose 6*l - 2*l = 0. Suppose 3*m - 64 = r, 4*r + 0*r - 20 = l. Suppose o = 2*o - m. Does 11 divide o?
False
Suppose 0 = 4*u - u - 24. Is 18 a factor of (-9)/(36/u) - -38?
True
Let i be (-37)/(-3) + 1/(-3). Let b be (2/4)/(3/i). Let x(v) = v**3 - 2*v. Does 3 divide x(b)?
False
Suppose -9*a + 1015 = -1037. Is 26 a factor of a?
False
Let q be (-88)/(-6) + 4/(-6). Let n = q + -7. Is 5 a factor of n?
False
Let c = -1 - -5. Let a(x) = 2*x**2 - 3*x. Does 10 divide a(c)?
True
Is 3/(-18)*-3*18 even?
False
Suppose -2*f + 99 = 4*s - 55, -5*s + f + 175 = 0. Suppose 5*h - 2*h - s = 0. Is 12 a factor of 18/5*40/h?
True
Let i(w) = 51*w**2 - w - 1. Does 17 divide i(-1)?
True
Let w be -8*(0 + 0 - 1). Is w/(-12)*(-55 - -1) a multiple of 12?
True
Let z(m) = 4*m**2 + 6*m + 9. Let s be z(-6). Suppose 3*o - 75 = s. Suppose -4*c - o = -3*b, -5*b + 150 = 2*c - 0*c. Is 14 a factor of b?
True
Suppose 0 = 2*d + k - 10, -4*k = 3*d - 20. Suppose 4*v + d*t - 485 = t, -4*v = -4*t - 520. Is v a multiple of 33?
False
Let i(z) = -2*z**2 - 17*z - 25. Let p(g) = -g**2 - 9*g - 12. Let d(b) = -2*i(b) + 5*p(b). Does 9 divide d(-7)?
True
Suppose 2*w + 21 = 59. Does 11 divide w?
False
Let q be 0/2 + -12 + 0. Let a = q - -32. Is a a multiple of 14?
False
Let k(h) = -h**3 - 9*h**2 + 8*h + 1. Let r be k(-10). Let g = r - 11. Does 5 divide g?
True
Let h(t) = 2*t**2 - 5*t + 6*t**2 - t**3 - 2*t**2. Let l be h(4). Suppose l = -2*a + 3*a. Is a a multiple of 6?
True
Let v(n) = n**3 - 6*n**2 + 4*n - 6. Does 2 divide v(6)?
True
Let q be (4 + -4)/(0 - -1). Let w = q + 4. Suppose 2*j = 4*n + n - 74, -w*j = n - 6. Is n a multiple of 14?
True
Is 14 a factor of (0 + 68/5)/((-6)/(-15))?
False
Let y be (-6 - -1)/(2/(-10)). Let l = y + -20. Is l a multiple of 5?
True
Let p(f) = -f**3 + 14*f - 2. Is 27 a factor of p(-7)?
True
Let o(d) = -d**2 + 5*d - 10. Let a be o(5). Let b(x) = x**2 + 5*x + 1. Is b(a) a multiple of 12?
False
Suppose 15 - 39 = -2*n. Let d = n - -3. Is d a multiple of 5?
True
Suppose -4*v + 4*m - 3*m = 9, 0 = -3*v + m - 7. Let o be -1*v/(-4)*-6. Does 5 divide (o/2)/((-15)/(-100))?
True
Let k(p) = p**2 - 2. Does 6 divide k(7)?
False
Let v be (-2 - -5) + (0 - -1). Let b(u) = -2 - v*u**3 - 3*u + 3*u**3 - 6*u**2 + 8*u. Is b(-7) a multiple of 6?
True
Let a = -18 + 26. Let f(u) = u**2 - 7*u + 10. Does 6 divide f(a)?
True
Suppose 4*k = -5*x + 13, 4*k + 32 = 2*x + 2*x. Suppose -x*i = -15, 2*a - 222 = -a - 2*i. Is 24 a factor of a?
True
Suppose -3*l = 2*l - 5*n - 5, -5*l - 11 = 3*n. Let p(r) = -8*r. Does 8 divide p(l)?
True
Let s be (-1)/(-3) - 190/(-6). Let m = s - -41. Suppose 3 = -h, 2*h - m = -2*r - 21. Is r a multiple of 21?
False
Let u(j) = -j**3 + 3*j**2 + 1. Let t be u(2). Suppose 21 = 3*m - 4*q, m + 21 = 3*m - t*q. Does 3 divide m?
True
Let l(j) = j**3 - 6*j**2 - 3*j + 12. Let g be l(5). Let f = 46 + g. Is f a multiple of 6?
True
Suppose 4*g = 2*g - 4. Let x(c) = -2 - 3*c**2 - 3*c - 2*c**3 + c + 0*c. Is 3 a factor of x(g)?
True
Is 278/3 + -2 + 14/6 a multiple of 9?
False
Let r(k) = k**2 - 6*k - 3. Let a be r(7). Suppose -a*y - y = -10. Suppose -17 = -2*u - y*u + 3*c, 4*u - c - 19 = 0. Is u a multiple of 3?
False
Let t be (0/3 + -20)*-2. Suppose 2*j - t - 14 = 0. Is j a multiple of 7?
False
Let s be (-2)/(-9) + (-75)/(-27). Suppose 2*b - 11 = -3*p, -5*b - s - 7 = -5*p. Does 2 divide p?
False
Let h(u) be the first derivative of 2*u**2 - 8*u + 2. Does 7 divide h(7)?
False
Suppose -3*i = 3*x + 2*x - 10, 0 = i + 5*x + 10. Suppose -w - 3*o + 5 = -3*w, 2*w = 2*o - i. Does 18 divide (-2)/w + (-189)/(-5)?
False
Suppose 5*i + 2*q = 78, -5 = -2*i - 5*q + 43. Does 6 divide ((-144)/84)/((-2)/i)?
True
Let h = -230 - -491. Is 29 a factor of h?
True
Let c = 2 + 2. Suppose c*w + 32 = 4*s, 4*s - s - 22 = 4*w. Is 5 a factor of s?
True
Let d be 8/28 - 19/(-7). Suppose d*m = -6, 4*m = b - 16 - 0. Does 4 divide b?
True
Suppose -3*k + 7*k = -5*h + 124, -5*h + 125 = 5*k. Suppose 4*n = -3*d + 55, h = 4*d + 4. Let q = n + 4. Does 14 divide q?
True
Let d(q) = -q + 5. Let c be 1 + (-3)/((-3)/4). Let b be (-2)/4 - c/(-10). Does 5 divide d(b)?
True
Let v = 8 - 9. Let w = 5 + v. Suppose -w*l + 8 = -3*l. Does 3 divide l?
False
Suppose -3*z = 5*k - 8*z - 30, -z = 5*k - 12. Let h(m) = 3*m - 1. Let c be h(k). Suppose 32 = a + c. Does 12 divide a?
True
Let i = -112 - -33. Let p = 131 + i. Is 13 a factor of p?
True
Let u(s) = 12*s**3 + s**2 - 2*s + 1. Let q be u(1). Suppose 5*t + 4*r = -16, -2*t + 3 = -r + q. Let f = 2 - t. Is 6 a factor of f?
True
Let o = 69 + -33. Let j = o + -26. Is j a multiple of 3?
False
Let x(u) = u**3 - 2 + 2 + 3 + 0 - u**2 - u. Let r be x(0). Suppose 36 + 54 = 3*l + 4*c, -r*l + 2*c = -72. Does 18 divide l?
False
Let j = -1 + 2. Let k be (-1 - 4)*j*-37. Suppose -z - 3*z = 4, 5*r - k = -5*z. Does 19 divide r?
True
Suppose -176 = -7*k + 69. Is 2 a factor of k?
False
Suppose -2*v = 3*v - g + 15, -4*v - 1 = -3*g. Does 22 divide (-51)/4*(v + 0)?
False
Suppose 2*n = 4*b - 101 - 165, 2*b + 5*n = 103. Let r = 21 + b. Suppose 4*t - r + 5 = 0. Is 11 a factor of t?
False
Let y be (-8 - -7)*(0 + -13). Let d = y - 7. Is 4 a factor of d?
False
Suppose -c = 2*c - 99. Is c a multiple of 14?
False
Let p(c) = 8*c**2 - 4*c + 13. Is p(2) a multiple of 2?
False
Suppose 5*g - 3*w = 96, -2*g = -2*w - 59 + 19. Is 9 a factor of g?
True
Suppose -3*l - 21 = -0*l. Let v(c) = c**2 + 2*c - 5. Is v(l) a multiple of 10?
True
Let j be ((-12)/9)/((-1)/72). Let u be (-160)/12*(-15)/4. Suppose -4*f = -3*s + u, 4*s + f = -f + j. Is s a multiple of 11?
True
Suppose 0*w = 5*f - w - 87, 2*f - 24 = 4*w. Is 6 a factor of f?
True
Suppose 0 = -3*j - 0*j + 9. Suppose 96 - 12 = j*r. Does 20 divide (-10)/5 + (r - 0)?
False
Suppose 0 = 5*k - 4*k. Suppose 2*i + 3*h - 36 = 0, k = -4*i + 4*h + 27 + 5. Does 12 divide i?
True
Let r be ((-6)/(-12))/((-2)/(-20)). Suppose -2*c - 75 